{"id":1070,"date":"2025-09-26T10:28:19","date_gmt":"2025-09-26T10:28:19","guid":{"rendered":"https:\/\/villadelmitia.com\/prodotto\/veste-dinterieur-classique-pour-homme-en-tissu-bemberg-matelasse-avec-contrastes-en-bemberg-matelasse-passepoil-et-doublure-complete-en-bemberg\/"},"modified":"2025-11-17T12:09:48","modified_gmt":"2025-11-17T10:09:48","slug":"veste-dinterieur-classique-pour-homme-en-tissu-bemberg-matelasse-avec-contrastes-en-bemberg-matelasse-passepoil-et-doublure-complete-en-bemberg","status":"publish","type":"product","link":"https:\/\/villadelmitia.com\/fr\/negozio\/veste-dinterieur-classique-pour-homme-en-tissu-bemberg-matelasse-avec-contrastes-en-bemberg-matelasse-passepoil-et-doublure-complete-en-bemberg\/","title":{"rendered":"VESTE D&rsquo;INT\u00c9RIEUR CLASSIQUE POUR HOMME EN TISSU BEMBERG MATELASS\u00c9 AVEC CONTRASTES EN BEMBERG MATELASS\u00c9, PASSEPOIL ET DOUBLURE COMPL\u00c8TE EN BEMBERG"},"content":{"rendered":"<h2>VESTE D&rsquo;INT\u00c9RIEUR CLASSIQUE POUR HOMME EN TISSU BEMBERG MATELASS\u00c9 AVEC CONTRASTES EN BEMBERG MATELASS\u00c9, PASSEPOIL ET DOUBLURE COMPL\u00c8TE EN BEMBERG.<\/h2>\n<h2>Veste d&rsquo;int\u00e9rieur pour homme, mod\u00e8le classique, en tissu Bemberg matelass\u00e9 bordeaux avec contrastes en Bemberg matelass\u00e9 noir, passepoil torsade noir et doublure compl\u00e8te noire assortie.<\/h2>\n<h2>Disponible avec ceinture bordeaux ou noire a votre choix.<\/h2>\n<h2>\u00c9charpe non incluse.<\/h2>\n<h2>M\u00c9FIEZ-VOUS DES SITES FRAUDULEUX QUI PROPOSENT DES MOD\u00c8LES EN UTILISANT DES PHOTOS VOL\u00c9ES \u00c0 NOTRE SITE PIGIAMIDITALIA.IT<\/h2>\n","protected":false},"excerpt":{"rendered":"<p><strong>VESTE D&rsquo;INT\u00c9RIEUR CLASSIQUE POUR HOMME EN TISSU BEMBERG MATELASS\u00c9 AVEC CONTRASTES EN BEMBERG MATELASS\u00c9, PASSEPOIL ET DOUBLURE COMPL\u00c8TE EN BEMBERG<\/strong><\/p>\n","protected":false},"featured_media":1071,"comment_status":"open","ping_status":"closed","template":"","meta":{"om_disable_all_campaigns":false,"_monsterinsights_skip_tracking":false,"_monsterinsights_sitenote_active":false,"_monsterinsights_sitenote_note":"","_monsterinsights_sitenote_category":0},"product_brand":[],"product_cat":[122],"product_tag":[102,124,116,123,117],"class_list":{"0":"post-1070","1":"product","2":"type-product","3":"status-publish","4":"has-post-thumbnail","6":"product_cat-veste-interieu-en-soie-matelassee","7":"product_tag-bemberg","8":"product_tag-cordonnet","9":"product_tag-matelasse","10":"product_tag-smoking-jacket","11":"product_tag-veste-dinterieur","13":"first","14":"instock","15":"shipping-taxable","16":"purchasable","17":"product-type-variable"},"aioseo_notices":[],"jetpack_sharing_enabled":true,"_links":{"self":[{"href":"https:\/\/villadelmitia.com\/fr\/wp-json\/wp\/v2\/product\/1070","targetHints":{"allow":["GET"]}}],"collection":[{"href":"https:\/\/villadelmitia.com\/fr\/wp-json\/wp\/v2\/product"}],"about":[{"href":"https:\/\/villadelmitia.com\/fr\/wp-json\/wp\/v2\/types\/product"}],"replies":[{"embeddable":true,"href":"https:\/\/villadelmitia.com\/fr\/wp-json\/wp\/v2\/comments?post=1070"}],"wp:featuredmedia":[{"embeddable":true,"href":"https:\/\/villadelmitia.com\/fr\/wp-json\/wp\/v2\/media\/1071"}],"wp:attachment":[{"href":"https:\/\/villadelmitia.com\/fr\/wp-json\/wp\/v2\/media?parent=1070"}],"wp:term":[{"taxonomy":"product_brand","embeddable":true,"href":"https:\/\/villadelmitia.com\/fr\/wp-json\/wp\/v2\/product_brand?post=1070"},{"taxonomy":"product_cat","embeddable":true,"href":"https:\/\/villadelmitia.com\/fr\/wp-json\/wp\/v2\/product_cat?post=1070"},{"taxonomy":"product_tag","embeddable":true,"href":"https:\/\/villadelmitia.com\/fr\/wp-json\/wp\/v2\/product_tag?post=1070"}],"curies":[{"name":"wp","href":"https:\/\/api.w.org\/{rel}","templated":true}]}}

VESTE D&rsquo;INTÉRIEUR CLASSIQUE POUR HOMME EN TISSU BEMBERG MATELASSÉ AVEC CONTRASTES EN BEMBERG MATELASSÉ, PASSEPOIL ET DOUBLURE COMPLÈTE EN BEMBERG

<h2>VESTE D&rsquo;INTÉRIEUR CLASSIQUE POUR HOMME EN TISSU BEMBERG MATELASSÉ AVEC CONTRASTES EN BEMBERG MATELASSÉ, PASSEPOIL ET DOUBLURE COMPLÈTE EN BEMBERG.</h2>
<h2>Veste d&rsquo;intérieur pour homme, modèle classique, en tissu Bemberg matelassé bordeaux avec contrastes en Bemberg matelassé noir, passepoil torsade noir et doublure complète noire assortie.</h2>
<h2>Disponible avec ceinture bordeaux ou noire a votre choix.</h2>
<h2>Écharpe non incluse.</h2>
<h2>MÉFIEZ-VOUS DES SITES FRAUDULEUX QUI PROPOSENT DES MODÈLES EN UTILISANT DES PHOTOS VOLÉES À NOTRE SITE PIGIAMIDITALIA.IT</h2>

<p><strong>VESTE D&rsquo;INTÉRIEUR CLASSIQUE POUR HOMME EN TISSU BEMBERG MATELASSÉ AVEC CONTRASTES EN BEMBERG MATELASSÉ, PASSEPOIL ET DOUBLURE COMPLÈTE EN BEMBERG</strong></p>
